)?
40
Let f(q) = -q**3 + 8*q - 2. Suppose 0 = -11*v + 16*v - 205. Calculate the remainder when f(-7) is divided by v.
39
Suppose -4*h - 10*s + 7*s = -52, 0 = 3*h + 2*s - 40. Calculate the remainder when 90 is divided by h.
10
Let v be (13/((-26)/(-120)))/1. Suppose 0 = 3*h + 3*h - v. Calculate the remainder when h is divided by -2 - (-2 + -2) - -4.
4
Suppose 3*y - 271 - 434 = -4*l, 888 = 5*l - 3*y. Calculate the remainder when l is divided by 64.
49
Let k = -22 - -26. Suppose 44 + 24 = k*z. What is the remainder when z is divided by 9?
8
Suppose -24 = 15*o - 23*o. Suppose 5*h + g - 161 = 2*g, 4*h + o*g = 144. What is the remainder when 130 is divided by h?
31
Let m(p) = 7*p - 55. Suppose -3*z = -2*z - 13. What is the remainder when m(13) is divided by z/(-2)*1*-2?
10
Suppose -2*o = 1 + 71. Let g = o + 154. Suppose -21 + 171 = 5*w. Calculate the remainder when g is divided by w.
28
Suppose -1232 = -12*h + 5*h. Suppose 0 = 9*g - h - 238. What is the remainder when 89 is divided by g?
43
Let k = 35 - 13. Suppose 0 = -h - 5*r + 23, -h + 3*r - 4*r = -7. Calculate the remainder when k is divided by h.
1
Calculate the remainder when ((-27)/(-24)*-2)/(1/(-40)) is divided by 32.
26
Let i = -847 + 909. Calculate the remainder when i is divided by 43.
19
Let u(a) = a**3 + 12*a**2 + 13*a + 162. Let b(m) = 5*m - 2. Calculate the remainder when b(2) is divided by u(-12).
2
Suppose -3*t + 3*h = -138, 5*t + 82 = -h + 294. What is the remainder when t is divided by 15?
13
Suppose 5*m = -3*y + 35, -4*y + 2*y - 6 = -4*m. Suppose -j + 56 = 4*l + j, 4*j = -m*l + 64. What is the remainder when l is divided by 7?
5
Suppose -37*w = 33*w - 40110. Calculate the remainder when w is divided by 48.
45
Let u = 42 + -2. Suppose 0 = d - 3*d + 10. Suppose 0 = p + p - d*a - 22, 0 = -4*p - 2*a + 44. What is the remainder when u is divided by p?
7
Let i = -253 + 268. What is the remainder when 148 is divided by i?
13
Let b(j) = 2*j**2 + 12*j - 15. Calculate the remainder when 21 is divided by b(-8).
4
Calculate the remainder when 73 is divided by 4/(-8) + 235/10.
4
Let x = -473 + 557. What is the remainder when x is divided by 34?
16
Suppose 2*d - d = -2*j + 42, -j + 10 = -5*d. Suppose 2*a - 82 = 4*o, -2*a + 2*o + 81 = 1. Calculate the remainder when a is divided by j.
19
Suppose 0 = -3*o + 19 - 7. Suppose 4*i + o = 5*a, -5*i + 7*a = 3*a - 4. Suppose k = -k + 2, -3*f + 8 = -4*k. Calculate the remainder when f is divided by i.
0
Suppose -4*q + 200 = 4*f, 5*q - 5*f - 250 = -0*f. Let o be (-3 + -1)*(-2 - 3/(-6)). Calculate the remainder when q is divided by 1248/16*((-4)/(-2))/o.
24
Let x be (-3 + 1)*15/(-30) - -93. Let v be 2/(-7) + (-394)/(-7). Calculate the remainder when 25 is divided by x/7 + (-24)/v.
12
Suppose 5*c = -5*n + 445, 2*c = -5*n + c + 465. Let d = n + -30. Calculate the remainder when d is divided by 17.
13
Let n(t) = -t**2 + 1. Let z(h) = -173*h + 5 + 168*h + 4. Let l(g) = n(g) + z(g). What is the remainder when l(-5) is divided by 4?
2
Let f(h) = -28*h**3 + 1. What is the remainder when f(-1) is divided by 5/((-2)/6*-1)?
14
Suppose -3*h + 40 = -59. Calculate the remainder when ((-18)/(-33))/3 + 753/h is divided by 8.
7
Let b be (-22)/77 + 212/7. Let j = -12 + b. What is the remainder when 67 is divided by j?
13
Let f(h) = -h**2 + 4*h. Let m be f(3). Suppose 2*y = 4*d - 134, -m*d - y + 120 = 4*y. What is the remainder when d is divided by 1*16*6/8?
11
Suppose -20*u = -9*u - 44. What is the remainder when 19 is divided by u?
3
Calculate the remainder when (-2)/(-5) - (-166)/10 is divided by (-17 + 18)/(1/7).
3
Let x = 348 - 335. What is the remainder when 270 is divided by x?
10
Let b = 1346 - 1327. Calculate the remainder when 86 is divided by b.
10
Suppose -388 = -3*l - 2*z, 3*z + 101 + 439 = 4*l. Calculate the remainder when l is divided by 23.
17
Suppose 2*o - 109 = o. Let x(m) = 1. Let a(s) = 5*s + 18. Let b(v) = a(v) - 6*x(v). What is the remainder when o is divided by b(5)?
35
Let s(w) = -w**2 + 8*w + 3. Let c(f) = -f + 11. Let n be c(5). What is the remainder when 59 is divided by s(n)?
14
Suppose -17*l = -21*l - 484. Let b = l + 212. What is the remainder when b is divided by 23?
22
Suppose 14*c = 9*c + 10. Suppose 3*u - 2 - 7 = 0, -3 = c*m - 3*u. Suppose 53 - 17 = m*p. Calculate the remainder when p is divided by 4.
0
Let i(f) = 2*f**3 - f**3 + 2*f**3 - f**2 - 5*f**2 + 7*f - 10. Calculate the remainder when 149 is divided by i(3).
35
Let z = -64 + 23. Calculate the remainder when ((-63)/(-28))/(-2 - z/20) is divided by (-5)/(-1)*(-24)/(-10).
9
Suppose -l = -6*l + 15. Let f = -1 + l. Suppose -o - f*a = -30, -4*a + 2*a = -6. What is the remainder when o is divided by 9?
6
Let b(n) = -n**2 - 5*n - 5. What is the remainder when b(-2) is divided by (((-88)/(-40))/(-11))/(1/(-5))?
0
Suppose 0 = -3*t - 2 + 17. Suppose 5*r + 3*k = 2*k + 477, k + 483 = t*r. What is the remainder when r is divided by 33?
30
Let z = 990 - 937. Calculate the remainder when 208 is divided by z.
49
Suppose -2*f = -10, 2*s - f - 3*f = 212. Suppose 2*q + 5*p = s, -q + 94 - 31 = 5*p. Calculate the remainder when q is divided by 19.
15
What is the remainder when 3/(1/564*9) + 5 is divided by 40?
33
Let t(u) = -20*u + 5. What is the remainder when 99 is divided by t(-1)?
24
Let f be -4 + (0 - -2) - -16. Let u = 86 + -82. Suppose 70 = u*h + f. What is the remainder when 25 is divided by h?
11
Let z(k) = 30*k**2 + k + 6. What is the remainder when z(3) is divided by 56?
55
Let d = 396 - 301. What is the remainder when d is divided by 48?
47
Suppose -3*y + 6*y - 93 = 0. Suppose -4*z + 54 = -2*g + 7*g, -19 = -z - 4*g. Calculate the remainder when y is divided by z.
9
Let v(i) = i + 61. Calculate the remainder when 1478 is divided by v(-24).
35
Let u = 23 + -14. Let y(m) = -3*m**3 - 6*m - 4. What is the remainder when y(-2) is divided by u?
5
Let k = 0 + 4. Suppose -k*g - 5 = -25. Suppose 0*o + 3*o = g*y - 238, 4*y = -5*o + 183. What is the remainder when y is divided by 16?
15
Let n(o) = -o**2 + 6*o + 3. Let i be n(6). What is the remainder when 3 is divided by i - ((-16)/120 - 34/(-30))?
1
Suppose 180 = -4*q + 9*q. Calculate the remainder when 54 is divided by q.
18
Let c(g) = g**2 - 9*g + 9. Let w be c(9). Let a = w + 15. What is the remainder when 95 is divided by a?
23
Let p = -32 - -19. Let w = p + 15. Suppose -5*f + 97 = -3*y, y + 43 = w*f + 5. Calculate the remainder when 83 is divided by f.
15
Let z(i) = i - 10. Let w be z(8). Let s be 1 - ((1 - w) + -9). Suppose -s - 17 = -2*x. Calculate the remainder when 45 is divided by x.
9
What is the remainder when 81 is divided by (18/3)/(5 + -4)?
3
Let x be 34/(-4) + (-1)/2. Let p = 21 + x. Calculate the remainder when p is divided by ((-20)/6)/((-12)/18).
2
Let u = 441 - 416. Calculate the remainder when u is divided by 18.
7
What is the remainder when 280/5 + 1/(-1)*1 is divided by 12?
7
Let a = -1909 + 1920. Calculate the remainder when (-4)/(8/(-62)) - -1 is divided by a.
10
Suppose 372 = 4*o + 68. Let a be (8/(-6) + (-4)/(-12))*1. Calculate the remainder when o is divided by (2 + (-282)/24)/(a/4).
37
Let q(b) be the first derivative of -3*b**2/2 + 23*b - 6. What is the remainder when 8 is divided by q(5)?
0
Suppose 7*t - 12 = -5. Suppose -o + 2 = t. Calculate the remainder when 3 is divided by o.
0
Calculate the remainder when (-423)/(-27)*9 - -3 is divided by 29.
28
Let z(m) = m + 17. Suppose 2*s = -s + 7*s. What is the remainder when 48 is divided by z(s)?
14
Suppose 945 = 5*v - 80. Calculate the remainder when v is divided by 53.
46
Let h(c) = 12*c**2 + 6*c - 2. Suppose -277 = -5*w + 53. Calculate the remainder when w is divided by h(-2).
32
Suppose -a + 3*a - 3 = h, 0 = -2*a + 5*h - 9. Suppose -a*p + 33 = 3*j - 27, 0 = -3*p - 5*j + 70. Calculate the remainder when 38 is divided by p.
8
Suppose -4*p - 12 = 2*x - 3*p, -3*x + 3*p - 27 = 0. Let n(g) = 2*g + 17. Calculate the remainder when 10 is divided by n(x).
1
Let v be (-4)/(-10) + (-72)/(-20) + -4. Suppose 5*n - 525 = -v*n. Calculate the remainder when n is divided by 18.
15
What is the remainder when 7 is divided by (-2 - (-40)/24)*(4 - 19)?
2
Let s = -431 + 445. What is the remainder when 195 is divided by s?
13
Let f(w) = 9*w**3 + 3*w**2 - 11*w + 10. What is the remainder when